{"id":40176,"date":"2020-03-01T17:09:52","date_gmt":"2020-03-01T16:09:52","guid":{"rendered":"https:\/\/www.italiaonline.it\/corporate\/?page_id=40176\/"},"modified":"2022-12-28T10:46:21","modified_gmt":"2022-12-28T09:46:21","slug":"assemblea-degli-azionisti","status":"publish","type":"page","link":"https:\/\/www.italiaonline.it\/archivio\/governance\/area-azionisti\/assemblea-degli-azionisti\/","title":{"rendered":"Assemblea degli azionisti"},"content":{"rendered":"<p>[et_pb_section fb_built=&#8221;1&#8243; disabled_on=&#8221;||off&#8221; admin_label=&#8221;Section&#8221; module_class=&#8221;iol_page_header&#8221; _builder_version=&#8221;3.22&#8243; background_color=&#8221;#F6F6F6&#8243; custom_padding=&#8221;0px|0px|0px|0px&#8221; transparent_background=&#8221;off&#8221; make_fullwidth=&#8221;off&#8221; use_custom_width=&#8221;off&#8221; width_unit=&#8221;on&#8221; global_colors_info=&#8221;{}&#8221;][et_pb_row column_padding_mobile=&#8221;on&#8221; admin_label=&#8221;Row&#8221; module_class=&#8221; et_pb_row_fullwidth&#8221; _builder_version=&#8221;4.13.1&#8243; background_size=&#8221;initial&#8221; background_position=&#8221;top_left&#8221; background_repeat=&#8221;repeat&#8221; width=&#8221;89%&#8221; width_tablet=&#8221;80%&#8221; width_phone=&#8221;80%&#8221; width_last_edited=&#8221;on|desktop&#8221; max_width=&#8221;89%&#8221; max_width_tablet=&#8221;80%&#8221; max_width_phone=&#8221;80%&#8221; max_width_last_edited=&#8221;on|desktop&#8221; custom_padding=&#8221;20px|0px|20px|0px&#8221; make_fullwidth=&#8221;on&#8221; use_custom_width=&#8221;off&#8221; width_unit=&#8221;off&#8221; custom_width_px=&#8221;1080px&#8221; custom_width_percent=&#8221;100%&#8221; global_colors_info=&#8221;{}&#8221;][et_pb_column type=&#8221;4_4&#8243; _builder_version=&#8221;3.25&#8243; custom_padding=&#8221;|||&#8221; global_colors_info=&#8221;{}&#8221; custom_padding__hover=&#8221;|||&#8221;][et_pb_text disabled_on=&#8221;off||&#8221; admin_label=&#8221;Text&#8221; _builder_version=&#8221;4.13.1&#8243; header_font=&#8221;Open Sans Light||||&#8221; header_text_color=&#8221;#ff005c&#8221; header_font_size=&#8221;40px&#8221; background_size=&#8221;initial&#8221; background_position=&#8221;top_left&#8221; background_repeat=&#8221;repeat&#8221; background_layout=&#8221;dark&#8221; hover_enabled=&#8221;0&#8243; use_border_color=&#8221;off&#8221; border_color=&#8221;#ffffff&#8221; border_style=&#8221;solid&#8221; global_colors_info=&#8221;{}&#8221; sticky_enabled=&#8221;0&#8243;]<span class=\"first_level\"><a href=\"https:\/\/www.italiaonline.it\/archivio\/\">Governance<\/a><\/span><span class=\"second_level\">Area azionisti<\/span>[\/et_pb_text][\/et_pb_column][\/et_pb_row][\/et_pb_section][et_pb_section fb_built=&#8221;1&#8243; custom_padding_last_edited=&#8221;on|desktop&#8221; admin_label=&#8221;section&#8221; _builder_version=&#8221;3.22&#8243; custom_padding_tablet=&#8221;50px|0|50px|0&#8243; custom_padding_phone=&#8221;50px|0|50px|0&#8243; transparent_background=&#8221;off&#8221; padding_mobile=&#8221;off&#8221; make_fullwidth=&#8221;off&#8221; use_custom_width=&#8221;off&#8221; width_unit=&#8221;on&#8221; custom_width_px=&#8221;1080px&#8221; custom_width_percent=&#8221;80%&#8221; global_colors_info=&#8221;{}&#8221;][et_pb_row column_structure=&#8221;1_4,3_4&#8243; padding_mobile=&#8221;off&#8221; column_padding_mobile=&#8221;on&#8221; admin_label=&#8221;row&#8221; _builder_version=&#8221;3.25&#8243; background_size=&#8221;initial&#8221; background_position=&#8221;top_left&#8221; background_repeat=&#8221;repeat&#8221; make_fullwidth=&#8221;off&#8221; use_custom_width=&#8221;off&#8221; width_unit=&#8221;off&#8221; custom_width_px=&#8221;1080px&#8221; custom_width_percent=&#8221;80%&#8221; global_colors_info=&#8221;{}&#8221;][et_pb_column type=&#8221;1_4&#8243; _builder_version=&#8221;3.25&#8243; custom_padding=&#8221;|||&#8221; global_colors_info=&#8221;{}&#8221; custom_padding__hover=&#8221;|||&#8221;][et_pb_sidebar area=&#8221;et_pb_widget_area_1&#8243; admin_label=&#8221;Sidebar&#8221; module_class=&#8221;pacca&#8221; _builder_version=&#8221;3.0.74&#8243; remove_border=&#8221;off&#8221; global_colors_info=&#8221;{}&#8221;][\/et_pb_sidebar][\/et_pb_column][et_pb_column type=&#8221;3_4&#8243; _builder_version=&#8221;3.25&#8243; custom_padding=&#8221;|||&#8221; global_colors_info=&#8221;{}&#8221; custom_padding__hover=&#8221;|||&#8221;][et_pb_text admin_label=&#8221;titolo&#8221; module_class=&#8221;iol_product_title&#8221; _builder_version=&#8221;3.27.4&#8243; background_size=&#8221;initial&#8221; background_position=&#8221;top_left&#8221; background_repeat=&#8221;repeat&#8221; use_border_color=&#8221;off&#8221; border_color=&#8221;#ffffff&#8221; border_style=&#8221;solid&#8221; global_colors_info=&#8221;{}&#8221;]<\/p>\n<h1>Assemblea degli azionisti<\/h1>\n<p>[\/et_pb_text][et_pb_text admin_label=&#8221;Text&#8221; _builder_version=&#8221;4.13.1&#8243; background_size=&#8221;initial&#8221; background_position=&#8221;top_left&#8221; background_repeat=&#8221;repeat&#8221; hover_enabled=&#8221;0&#8243; use_border_color=&#8221;off&#8221; border_color=&#8221;#ffffff&#8221; border_style=&#8221;solid&#8221; global_colors_info=&#8221;{}&#8221; sticky_enabled=&#8221;0&#8243;]<\/p>\n<h2>Premessa<\/h2>\n<p>La cd \u201cShareholders Rights\u201d (dlgs 27 gennaio 2010 n. 27), recepisce la direttiva comunitaria n. 2007\/36\/CE relativa all\u2019esercizio di alcuni diritti da parte degli azionisti delle societ\u00e0 quotate. In particolare, il decreto modifica gli artt 2366\/2373 del codice civile e incide profondamente sul Dlgs n. 58 del 2008 (TUF), introducendo importanti novit\u00e0 per le societ\u00e0 quotate, con particolare riguardo allo svolgimento delle attivit\u00e0 assembleari. Ci\u00f2 posto, il Consiglio di Amministrazione \u2013 valendosi della previsione di cui all\u2019art. 19, C II, dello Statuto Sociale, che prevede la competenza ad assumere le deliberazioni concernenti gli adeguamenti dello statuto a disposizioni normative \u2013 nel corso della riunione del 19 ottobre 2010, ha adottato le cosiddette \u201cmodifiche obbligatorie incondizionate\u201d, ovvero quelle inderogabilmente dettate dal nuovo testo legislativo vigente. In particolare, sono stati modificati gli articoli 8 \u2013 Diritto di intervento, 10 \u2013 Convocazione, 14 \u2013 Composizione del Consiglio di Amministrazione, 22 \u2013 Collegio sindacale ed \u00e8 stato altres\u00ec inserito l\u2019articolo 27 \u2013 Disposizioni transitorie. Con l\u2019occasione, sono state altres\u00ec modificate alcune disposizioni divenute incompatibili, alla luce della nuova normativa, oppure desuete (si veda il nuovo testo di <a href=\"https:\/\/www.italiaonline.it\/archivio\/governance\/corporate-governance\/statuto\/\">Statuto<\/a> nell\u2019apposita sezione).<\/p>\n<h2>Assemblea<\/h2>\n<p>Gli Amministratori si adoperano per agevolare la partecipazione da parte dei soci, ordinari o di risparmio, alle adunanze assembleari di rispettiva categoria. L\u2019art. 8 dello Statuto, cos\u00ec come modificato ai sensi di quanto sopra descritto, prevede che possano intervenire in Assemblea coloro ai quali spetta il diritto di voto, legittimati in base alle normative applicabili, nei modi e nei termini previsti. Ogni soggetto a cui spetta il diritto di voto che ha diritto di intervenire all\u2019assemblea pu\u00f2 farsi rappresentare mediante delega scritta ai sensi di legge. La delega pu\u00f2 essere rilasciata a persona fisica o giuridica. La notifica elettronica della delega pu\u00f2 essere effettuata mediante l\u2019utilizzo di apposita sezione del sito Internet della societ\u00e0, secondo le modalit\u00e0 indicate nell\u2019avviso di convocazione, ovvero, tramite posta elettronica certificata, all\u2019indirizzo di posta elettronica come di volta in volta indicato nell\u2019avviso di convocazione. Ai sensi dell\u2019art. 10 dello Statuto, l\u2019Assemblea \u00e8 convocata ai sensi di legge presso la sede sociale o, se prevista, presso la sede secondaria, mediante avviso pubblicato nei modi e nei termini previsti dalle normative applicabili. Le caratteristiche delle Assemblee degli Azionisti della Societ\u00e0, in termini di mancanza di criticit\u00e0 e di snellezza di gestione, hanno consentito di non proporre \u2013 allo stato \u2013 l\u2019adozione di un regolamento assembleare. Si segnala, peraltro, che l\u2019art. 2371 del codice civile prevede espressamente, con riguardo alla presidenza dell\u2019assemblea, che il Presidente verifichi la regolarit\u00e0 della costituzione, accerti l\u2019identit\u00e0 e la legittimazione dei presenti, regoli il suo svolgimento e accerti i risultati delle votazioni. In conformit\u00e0 al precitato art. 2371 del codice civile, in particolare, l\u2019articolo 12 dello Statuto Sociale dispone che il Presidente della riunione verifichi, anche a mezzo di appositi incaricati, il diritto di intervento, la conformit\u00e0 delle deleghe alle leggi in vigore, la regolarit\u00e0 della costituzione dell\u2019adunanza, l\u2019identit\u00e0 e la legittimazione dei presenti; diriga i lavori e adotti le opportune misure ai fini dell\u2019ordinato andamento del dibattito e delle votazioni, definendone le modalit\u00e0 e accertandone i risultati.<br \/>\n[\/et_pb_text][\/et_pb_column][\/et_pb_row][\/et_pb_section]<\/p>\n","protected":false},"excerpt":{"rendered":"<p>GovernanceArea azionistiAssemblea degli azionisti Premessa La cd \u201cShareholders Rights\u201d (dlgs 27 gennaio 2010 n. 27), recepisce la direttiva comunitaria n. 2007\/36\/CE relativa all\u2019esercizio di alcuni diritti da parte degli azionisti delle societ\u00e0 quotate. In particolare, il decreto modifica gli artt 2366\/2373 del codice civile e incide profondamente sul Dlgs n. 58 del 2008 (TUF), introducendo [&hellip;]<\/p>\n","protected":false},"author":2,"featured_media":0,"parent":17729,"menu_order":1,"comment_status":"closed","ping_status":"closed","template":"","meta":{"_acf_changed":false,"_et_pb_use_builder":"on","_et_pb_old_content":"","_et_gb_content_width":"","inline_featured_image":false,"footnotes":""},"class_list":["post-40176","page","type-page","status-publish","hentry"],"yoast_head":"<!-- This site is optimized with the Yoast SEO plugin v27.4 - https:\/\/yoast.com\/product\/yoast-seo-wordpress\/ -->\n<title>Assemblea degli azionisti - Corporate | Italiaonline<\/title>\n<meta name=\"description\" content=\"Gli Amministratori si adoperano per agevolare la partecipazione dei soci, ordinari o di risparmio, alle adunanze assembleari di rispettiva categoria.\" \/>\n<meta name=\"robots\" content=\"noindex, follow, max-snippet:-1, max-image-preview:large, max-video-preview:-1\" \/>\n<meta property=\"og:locale\" content=\"it_IT\" \/>\n<meta property=\"og:type\" content=\"article\" \/>\n<meta property=\"og:title\" content=\"Assemblea degli azionisti - Corporate | Italiaonline\" \/>\n<meta property=\"og:description\" content=\"Gli Amministratori si adoperano per agevolare la partecipazione dei soci, ordinari o di risparmio, alle adunanze assembleari di rispettiva categoria.\" \/>\n<meta property=\"og:url\" content=\"https:\/\/www.italiaonline.it\/archivio\/governance\/area-azionisti\/assemblea-degli-azionisti\/\" \/>\n<meta property=\"og:site_name\" content=\"Archivio\" \/>\n<meta property=\"article:modified_time\" content=\"2022-12-28T09:46:21+00:00\" \/>\n<meta name=\"twitter:card\" content=\"summary_large_image\" \/>\n<meta name=\"twitter:label1\" content=\"Tempo di lettura stimato\" \/>\n\t<meta name=\"twitter:data1\" content=\"5 minuti\" \/>\n<script type=\"application\/ld+json\" class=\"yoast-schema-graph\">{\"@context\":\"https:\\\/\\\/schema.org\",\"@graph\":[{\"@type\":\"WebPage\",\"@id\":\"https:\\\/\\\/www.italiaonline.it\\\/archivio\\\/governance\\\/area-azionisti\\\/assemblea-degli-azionisti\\\/\",\"url\":\"https:\\\/\\\/www.italiaonline.it\\\/archivio\\\/governance\\\/area-azionisti\\\/assemblea-degli-azionisti\\\/\",\"name\":\"Assemblea degli azionisti - Corporate | Italiaonline\",\"isPartOf\":{\"@id\":\"https:\\\/\\\/www.italiaonline.it\\\/archivio\\\/#website\"},\"datePublished\":\"2020-03-01T16:09:52+00:00\",\"dateModified\":\"2022-12-28T09:46:21+00:00\",\"description\":\"Gli Amministratori si adoperano per agevolare la partecipazione dei soci, ordinari o di risparmio, alle adunanze assembleari di rispettiva categoria.\",\"breadcrumb\":{\"@id\":\"https:\\\/\\\/www.italiaonline.it\\\/archivio\\\/governance\\\/area-azionisti\\\/assemblea-degli-azionisti\\\/#breadcrumb\"},\"inLanguage\":\"it-IT\",\"potentialAction\":[{\"@type\":\"ReadAction\",\"target\":[\"https:\\\/\\\/www.italiaonline.it\\\/archivio\\\/governance\\\/area-azionisti\\\/assemblea-degli-azionisti\\\/\"]}]},{\"@type\":\"BreadcrumbList\",\"@id\":\"https:\\\/\\\/www.italiaonline.it\\\/archivio\\\/governance\\\/area-azionisti\\\/assemblea-degli-azionisti\\\/#breadcrumb\",\"itemListElement\":[{\"@type\":\"ListItem\",\"position\":1,\"name\":\"Home\",\"item\":\"https:\\\/\\\/www.italiaonline.it\\\/archivio\\\/\"},{\"@type\":\"ListItem\",\"position\":2,\"name\":\"Governance\",\"item\":\"https:\\\/\\\/www.italiaonline.it\\\/archivio\\\/\"},{\"@type\":\"ListItem\",\"position\":3,\"name\":\"Area azionisti\",\"item\":\"https:\\\/\\\/www.italiaonline.it\\\/archivio\\\/governance\\\/area-azionisti\\\/\"},{\"@type\":\"ListItem\",\"position\":4,\"name\":\"Assemblea degli azionisti\"}]},{\"@type\":\"WebSite\",\"@id\":\"https:\\\/\\\/www.italiaonline.it\\\/archivio\\\/#website\",\"url\":\"https:\\\/\\\/www.italiaonline.it\\\/archivio\\\/\",\"name\":\"Archivio\",\"description\":\"Ecco un altro sito Network Corporate siti\",\"potentialAction\":[{\"@type\":\"SearchAction\",\"target\":{\"@type\":\"EntryPoint\",\"urlTemplate\":\"https:\\\/\\\/www.italiaonline.it\\\/archivio\\\/?s={search_term_string}\"},\"query-input\":{\"@type\":\"PropertyValueSpecification\",\"valueRequired\":true,\"valueName\":\"search_term_string\"}}],\"inLanguage\":\"it-IT\"}]}<\/script>\n<!-- \/ Yoast SEO plugin. -->","yoast_head_json":{"title":"Assemblea degli azionisti - Corporate | Italiaonline","description":"Gli Amministratori si adoperano per agevolare la partecipazione dei soci, ordinari o di risparmio, alle adunanze assembleari di rispettiva categoria.","robots":{"index":"noindex","follow":"follow","max-snippet":"max-snippet:-1","max-image-preview":"max-image-preview:large","max-video-preview":"max-video-preview:-1"},"og_locale":"it_IT","og_type":"article","og_title":"Assemblea degli azionisti - Corporate | Italiaonline","og_description":"Gli Amministratori si adoperano per agevolare la partecipazione dei soci, ordinari o di risparmio, alle adunanze assembleari di rispettiva categoria.","og_url":"https:\/\/www.italiaonline.it\/archivio\/governance\/area-azionisti\/assemblea-degli-azionisti\/","og_site_name":"Archivio","article_modified_time":"2022-12-28T09:46:21+00:00","twitter_card":"summary_large_image","twitter_misc":{"Tempo di lettura stimato":"5 minuti"},"schema":{"@context":"https:\/\/schema.org","@graph":[{"@type":"WebPage","@id":"https:\/\/www.italiaonline.it\/archivio\/governance\/area-azionisti\/assemblea-degli-azionisti\/","url":"https:\/\/www.italiaonline.it\/archivio\/governance\/area-azionisti\/assemblea-degli-azionisti\/","name":"Assemblea degli azionisti - Corporate | Italiaonline","isPartOf":{"@id":"https:\/\/www.italiaonline.it\/archivio\/#website"},"datePublished":"2020-03-01T16:09:52+00:00","dateModified":"2022-12-28T09:46:21+00:00","description":"Gli Amministratori si adoperano per agevolare la partecipazione dei soci, ordinari o di risparmio, alle adunanze assembleari di rispettiva categoria.","breadcrumb":{"@id":"https:\/\/www.italiaonline.it\/archivio\/governance\/area-azionisti\/assemblea-degli-azionisti\/#breadcrumb"},"inLanguage":"it-IT","potentialAction":[{"@type":"ReadAction","target":["https:\/\/www.italiaonline.it\/archivio\/governance\/area-azionisti\/assemblea-degli-azionisti\/"]}]},{"@type":"BreadcrumbList","@id":"https:\/\/www.italiaonline.it\/archivio\/governance\/area-azionisti\/assemblea-degli-azionisti\/#breadcrumb","itemListElement":[{"@type":"ListItem","position":1,"name":"Home","item":"https:\/\/www.italiaonline.it\/archivio\/"},{"@type":"ListItem","position":2,"name":"Governance","item":"https:\/\/www.italiaonline.it\/archivio\/"},{"@type":"ListItem","position":3,"name":"Area azionisti","item":"https:\/\/www.italiaonline.it\/archivio\/governance\/area-azionisti\/"},{"@type":"ListItem","position":4,"name":"Assemblea degli azionisti"}]},{"@type":"WebSite","@id":"https:\/\/www.italiaonline.it\/archivio\/#website","url":"https:\/\/www.italiaonline.it\/archivio\/","name":"Archivio","description":"Ecco un altro sito Network Corporate siti","potentialAction":[{"@type":"SearchAction","target":{"@type":"EntryPoint","urlTemplate":"https:\/\/www.italiaonline.it\/archivio\/?s={search_term_string}"},"query-input":{"@type":"PropertyValueSpecification","valueRequired":true,"valueName":"search_term_string"}}],"inLanguage":"it-IT"}]}},"acf":[],"_links":{"self":[{"href":"https:\/\/www.italiaonline.it\/archivio\/wp-json\/wp\/v2\/pages\/40176","targetHints":{"allow":["GET"]}}],"collection":[{"href":"https:\/\/www.italiaonline.it\/archivio\/wp-json\/wp\/v2\/pages"}],"about":[{"href":"https:\/\/www.italiaonline.it\/archivio\/wp-json\/wp\/v2\/types\/page"}],"author":[{"embeddable":true,"href":"https:\/\/www.italiaonline.it\/archivio\/wp-json\/wp\/v2\/users\/2"}],"replies":[{"embeddable":true,"href":"https:\/\/www.italiaonline.it\/archivio\/wp-json\/wp\/v2\/comments?post=40176"}],"version-history":[{"count":4,"href":"https:\/\/www.italiaonline.it\/archivio\/wp-json\/wp\/v2\/pages\/40176\/revisions"}],"predecessor-version":[{"id":47164,"href":"https:\/\/www.italiaonline.it\/archivio\/wp-json\/wp\/v2\/pages\/40176\/revisions\/47164"}],"up":[{"embeddable":true,"href":"https:\/\/www.italiaonline.it\/archivio\/wp-json\/wp\/v2\/pages\/17729"}],"wp:attachment":[{"href":"https:\/\/www.italiaonline.it\/archivio\/wp-json\/wp\/v2\/media?parent=40176"}],"curies":[{"name":"wp","href":"https:\/\/api.w.org\/{rel}","templated":true}]}}